e?
False
Is 122443 a prime number?
True
Is 11068363 a prime number?
False
Is 325029 prime?
False
Is 194877829 composite?
False
Is 713194453 a composite number?
False
Is 505919 composite?
False
Is 1729571 composite?
True
Is 50820841 a composite number?
False
Is 9642949 composite?
False
Is 6390719 a composite number?
False
Is 52749241 a composite number?
False
Is 3273923 composite?
True
Is 1644413 composite?
False
Is 196747349 a composite number?
False
Is 61831213 a prime number?
True
Is 53497833 a composite number?
True
Is 1533863 a composite number?
True
Is 6776153 a composite number?
False
Is 16960233 a prime number?
False
Is 110749477 composite?
False
Is 52355243 prime?
False
Is 1680901 a composite number?
False
Is 221919 a composite number?
True
Is 13643371 composite?
True
Is 27529807 a prime number?
True
Is 6225097 prime?
True
Is 83499883 composite?
False
Is 637817 prime?
True
Is 22535287 a prime number?
True
Is 1428897 a composite number?
True
Is 1595233 composite?
True
Is 133461337 prime?
True
Is 576907 composite?
True
Is 6066341 a composite number?
False
Is 13581587 prime?
False
Is 2552929 a prime number?
False
Is 4391393 composite?
False
Is 31674103 composite?
True
Is 3454739 a composite number?
False
Is 1852577 a prime number?
False
Is 90556153 composite?
False
Is 2197789 prime?
False
Is 34699477 composite?
False
Is 5832361 a composite number?
False
Is 2947517 a prime number?
True
Is 22131859 a prime number?
False
Is 1662103 prime?
True
Is 6032869 prime?
True
Is 8387369 composite?
False
Is 8977247 a prime number?
True
Is 64102 prime?
False
Is 696581 composite?
True
Is 5831183 a prime number?
True
Is 331387249 a prime number?
True
Is 17180983 composite?
False
Is 30740707 prime?
True
Is 10479137 composite?
False
Is 5698127 composite?
True
Is 2634733 composite?
True
Is 22836089 prime?
False
Is 5047873 prime?
False
Is 7588877 prime?
True
Is 1133731 composite?
False
Is 439626601 a prime number?
False
Is 5075761 a prime number?
False
Is 68427813 composite?
True
Is 11635963 a prime number?
False
Is 15926309 a composite number?
True
Is 12882953 prime?
True
Is 23466613 a composite number?
True
Is 115163 a composite number?
False
Is 368841397 prime?
True
Is 40079129 a composite number?
False
Is 14744327 prime?
False
Is 116598943 a composite number?
True
Is 1167317 a composite number?
False
Is 2296227 a prime number?
False
Is 2552233 a composite number?
False
Is 12233423 a prime number?
False
Is 3769361 a prime number?
True
Is 2615245 a composite number?
True
Is 12780803 prime?
False
Is 6648899 a prime number?
False
Is 921172093 composite?
False
Is 21877771 a composite number?
False
Is 164167991 composite?
True
Is 5584889 a composite number?
False
Is 29815463 composite?
True
Is 1363546 composite?
True
Is 2329891 prime?
True
Is 4027411 prime?
False
Is 58913059 a composite number?
False
Is 390329 prime?
False
Is 631453 composite?
False
Is 326863 a composite number?
False
Is 3916529 composite?
False
Is 107217833 prime?
True
Is 1990607 composite?
False
Is 240952139 a composite number?
True
Is 1516601 composite?
True
Is 74088401 a prime number?
True
Is 16471837 prime?
True
Is 19005799 a composite number?
False
Is 532884259 composite?
False
Is 43713113 composite?
True
Is 347879 composite?
True
Is 7536023 prime?
False
Is 24067507 a composite number?
True
Is 126936301 a prime number?
False
Is 11254321 a prime number?
False
Is 1982779 prime?
True
Is 138752051 a composite number?
False
Is 8158727 composite?
False
Is 200558417 a composite number?
False
Is 14226581 a composite number?
True
Is 6720113 a composite number?
True
Is 5989393 prime?
False
Is 253149577 composite?
True
Is 8369687 a composite number?
False
Is 9345145 prime?
False
Is 159143459 a composite number?
False
Is 3973205 a composite number?
True
Is 5233343 a composite number?
False
Is 4945001 composite?
False
Is 4039809 composite?
True
Is 879481 a prime number?
False
Is 1907123 composite?
False
Is 572947 composite?
True
Is 26482993 prime?
True
Is 251939 composite?
False
Is 6501419 composite?
False
Is 192529219 a composite number?
False
Is 42434921 a prime number?
True
Is 3814037 prime?
False
Is 72189011 prime?
False
Is 4549717 composite?
True
Is 78079721 a prime number?
False
Is 42150457 prime?
True
Is 39366211 a prime number?
False
Is 28694941 composite?
True
Is 4506121 a prime number?
True
Is 849861803 a composite number?
True
Is 9881871 prime?
False
Is 424586 composite?
True
Is 124639519 prime?
False
Is 51958583 prime?
True
Is 2244809 composite?
True
Is 2773387 a composite number?
False
Is 2796977 prime?
True
Is 3467909 a prime number?
True
Is 16645553 composite?
False
Is 145931233 a composite number?
True
Is 38907677 prime?
True
Is 241075817 a prime number?
True
Is 8089387 composite?
False
Is 9955031 composite?
True
Is 156071 a composite number?
False
Is 14607547 prime?
True
Is 5009363 a composite number?
True
Is 525137 composite?
False
Is 1382021 a composite number?
False
Is 156671959 a prime number?
True
Is 118799481 prime?
False
Is 2796437 a prime number?
False
Is 804257 a composite number?
True
Is 1540709 prime?
True
Is 183962033 a composite number?
False
Is 51489741 a composite number?
True
Is 3108139 prime?
True
Is 7567163 a composite number?
True
Is 2438591 prime?
True
Is 111493853 prime?
False
Is 310919 a prime number?
False
Is 4913873 composite?
False
Is 81250369 prime?
True
Is 13398747 prime?
False
Is 416440897 a prime number?
False
Is 74945137 a prime number?
True
Is 508222933 a prime number?
True
Is 98795461 prime?
False
Is 82223291 a prime number?
True
Is 669220859 composite?
False
Is 49102243 composite?
False
Is 387418783 a composite number?
True
Is 32364181 prime?
False
Is 1276501 a composite number?
False
Is 951221 a prime number?
True
Is 4191809 a prime number?
False
Is 4020481 composite?
True
Is 21641869 a composite number?
False
Is 1493777 composite?
True
Is 201229529 a prime number?
True
Is 130290623 composite?
False
Is 11064857 prime?
True
Is 711397 a prime number?
True
Is 11470543 a composite number?
True
Is 148596233 a prime number?
False
Is 606606739 a prime number?
True
Is 2027887 a composite number?
True
Is 9143859 a composite number?
True
Is 7185929 a prime number?
True
Is 763279331 composite?
False
Is 812089 prime?
False
Is 87484643 a prime number?
True
Is 3230459 composite?
True
Is 8203421 composite?
True
Is 138630221 a prime number?
True
Is 6372283 a prime number?
False
Is 23685319 a composite number?
True
Is 14810377 a prime number?
True
Is 130793 a composite number?
True
Is 34072387 a prime number?
True
Is 1290607 a prime number?
True
Is 33098999 prime?
True
Is 304207 composite?
True
Is 196669601 prime?
True
Is 1137961 a prime number?
False
Is 143856107 a composite number?
False
Is 47783293 a prime number?
False
Is 5528023 a composite number?
False
Is 20415221 composite?
False
Is 14125841 a prime number?
False
Is 1444853 a composite number?
True
Is 6915407 prime?
True
Is 56686877 composite?
True
Is 1723481 a prime number?
True
Is 1416637 a prime number?
False
Is 2876653 prime?
False
Is 72261307 a prime number?
True
Is 208727033 composite?
False
Is 6793373 a prime number?
True
Is 8832743 a prime number?
False
Is 51707827 a composite number?
True
Is 18862387 composite?
True
Is 25970129 prime?
True
Is 159707161 composite?
False
Is 33283973 prime?
True
Is 9504719 prime?
False
Is 66649201 composite?
False
Is 4750813 a composite number?
False
Is 4596187 a prime number?
True
Is 494989031 a prime number?
False
Is 5152573 a composite number?
True
Is 6317219 a prime number?
True
Is 80141 a composite number?
False
Is 11332547 a composite number?
False
Is 41503309 composite?
False
Is 132593261 a prime number?
True
Is 9983179 prime?
True
Is 63439333 a composite number?
True
Is 9536977 prime?
True
Is 643319641 composite?
False
Is 31003039 prime?
False
Is 23211577 composite?
True
Is 18806077 composite?
False
Is 13218559 composite?
False
Is 508438109 a composite number?
True
Is 181988551 a composite number?
False
Is 119232791 prime?
False
Is 23476097 a prime number?
True
Is 560186563 a composite number?
False
Is 61399607 a prime number?
True
Is 138621953 composite?
False
Is 116022239 composite?
True
Is 63121753 a composite number?
False
Is 39448943 prime?
False
Is 272